4 = 3*n. Let b = i + 58. Let o be (4/(-2 + 1))/(3 + -7). What is the highest common factor of b and o?
1
Suppose 5*n = k + 2*k + 10, 0 = -4*n - 2*k + 8. Suppose 1840 = 2*x + n*x. Calculate the highest common divisor of x and 184.
92
Suppose 4*i - 3*p = 718 - 409, 0 = 3*p - 15. Let m = -36 - -63. What is the greatest common factor of m and i?
27
Let w = -354 + 1013. Suppose w = 6*q + 299. Calculate the highest common factor of q and 36.
12
Suppose 4*x + 1 = -3*y, 5*y + 2 = -4*x - 5. Suppose -x*k = -7*k + 385. Let d = -1770 + 1777. Calculate the greatest common divisor of k and d.
7
Let x(v) = 14*v + 58. Let p be x(7). Let c = 178 - p. Let i(t) = -t**3 + 10*t**2 - 7*t - 7. Let f be i(9). Calculate the highest common factor of c and f.
11
Let m be (-5481)/(-15) - (297/55 - 5). Calculate the greatest common divisor of 4307 and m.
73
Suppose -5*w + 37 = -3*k, 2*w = 2*k - 0 + 18. Let r be 4/(-22) + 228/44. Suppose -212 = -r*d - 37. Calculate the greatest common divisor of d and w.
5
Let k be 12/(-10)*(-20)/6. Suppose v + 4*d = 1, -v - 3*d - 2 + k = 0. Suppose v*a = 9 + 1. Calculate the greatest common factor of a and 16.
2
Let x be ((-20)/6)/(318/45 - 7). Let h be (-987)/(-15) + (-10)/x. Calculate the greatest common divisor of 726 and h.
66
Suppose 90*o - 86*o - f = 379, -5*o + 490 = 2*f. What is the greatest common factor of o and 600?
24
Let w = -225 + 229. Suppose -4*m - k = -244, 4*m - 8*m + 224 = -w*k. What is the highest common factor of 150 and m?
30
Suppose 12473 = -11*h + 50951. What is the highest common divisor of 66 and h?
66
Suppose 113*d + 567 = -127*d + 247*d. Let l(z) = z**2 - z + 3. Let c be l(3). Calculate the highest common factor of c and d.
9
Let q be (-846)/12 + 2/4. Let a = q + 75. Let m be (1 + 5 - 1)*7. Calculate the highest common divisor of m and a.
5
Let l = -49 + 94. Suppose 2*r = -7*r + l. Let t be r + (-4 - -21) + -3. What is the highest common divisor of 209 and t?
19
Let a be 41 + (4/(-14))/((-11)/308). Calculate the greatest common factor of a and 5537.
49
Suppose 0 = 17*w - 8*w - 6624. Suppose 768 + w = 16*o. Calculate the highest common divisor of o and 282.
94
Let m(s) = s**2 - 13*s - 10. Suppose 0 = -o - 9 + 23. Let t be m(o). Suppose 4*h + 16 = 0, 2*q + 4*h - h = t. Calculate the greatest common divisor of 40 and q.
8
Let h be (1/3)/(2/(-24)). Let i be ((-2)/(h/75))/(1/2). Let w be i - (-1 + -1)*1. What is the greatest common factor of w and 7?
7
Let m = 4067 + -4048. Calculate the highest common factor of 10697 and m.
19
Let j be 5/30*-10 + (-4)/12. Let r be 5 - (-4 - (-2)/j*3). What is the highest common divisor of r and 708?
12
Let x be -111*(-5 + 1664/39)*-1*1. What is the highest common factor of 452 and x?
113
Suppose 113 = -6*o + 77. Let m be o/(-3) + -3 + (206 - 1). Calculate the greatest common divisor of 24 and m.
12
Suppose -3*n + 6*n - 11 = -5*w, w + 4*n + 8 = 0. Suppose w*a - 3*a - 26 = 0. What is the greatest common divisor of a and 13?
13
Suppose -5*t + 2*o = -383, -3*t - 51 = -5*o - 277. Let g(c) = c**2 - 7*c - 5. Let v be g(-5). What is the greatest common divisor of v and t?
11
Suppose -z - 48*n = -53*n - 290, 5*n = -3*z + 690. What is the greatest common divisor of z and 175?
35
Let a be 1/(-2) + (-50949)/(-74). What is the highest common divisor of 2 and a?
2
Let h = 6502 - 6474. What is the highest common divisor of h and 994?
14
Let l = -4894 - -6038. What is the highest common divisor of 260 and l?
52
Suppose -3*x + 2*t = -4*x + 66, 5*x - 4*t = 288. What is the greatest common divisor of x and 285?
15
Let b be (-330)/(-5)*2/3. Let k = 55 - b. Let v(s) = 14*s + 9. Let o be v(8). Calculate the highest common factor of k and o.
11
Let o(n) = n**2 - 13*n - 70. Let l be o(18). Let d(b) = 2*b**3 - 6*b**2 - 4*b - 8. Let g be d(4). Calculate the greatest common factor of l and g.
4
Let k = 69 - 66. Suppose -4*g - 3*w = -666, 7*g + w = -2*w + 1179. Calculate the highest common divisor of k and g.
3
Let q be ((-5746)/(-136) - (-1)/(-4)) + -2. Let g be (q/5 - 2)/((-4)/(-92)). Calculate the greatest common divisor of 621 and g.
69
Suppose 2*d = q + 146, 2*d - q = -5*q + 136. Let v be 6144/114 + -4 + 78/19. Calculate the highest common divisor of v and d.
18
Suppose 14*s - 30*s + 152 = -88. Calculate the highest common factor of 23 and s.
1
Let q(h) be the third derivative of -11*h**4/24 + 55*h**3/2 - 134*h**2. Let y be q(-14). Calculate the highest common divisor of 58 and y.
29
Let w be (-9)/(222/777 - 29/77). Let r be (-328)/(-5) + 2/5. Calculate the highest common factor of r and w.
33
Let z = -37 + 51. Suppose 3*r = -z + 29. Suppose 0 = r*o + 7 - 47. What is the greatest common factor of o and 16?
8
Let f(k) be the first derivative of k**2/2 + 34*k + 131. Let b be f(-26). What is the greatest common divisor of b and 7?
1
Let x = 2657 - 656. What is the highest common factor of x and 261?
87
Let y(r) = -2*r**2 - 10*r + 23. Let f be y(-8). Let k be ((-5)/(f/370))/2. What is the greatest common divisor of k and 185?
37
Suppose -3*p + 534 = 5*s - 51, 5*s = -5*p + 975. Calculate the highest common divisor of p and 13845.
195
Let x = -59 - -90. Let m(d) = 5 + 12 - 2*d + d**3 + 4*d + x. Let u be m(0). Calculate the highest common divisor of 16 and u.
16
Let v = 57744 + 4391. Calculate the greatest common divisor of v and 215.
215
Let p(w) = -w**2 + 32*w + 9734. Let d be p(115). What is the highest common divisor of 56 and d?
7
Let v(g) = -g**3 + 110*g**2 + 9*g - 780. Let q be v(110). What is the greatest common divisor of 7455 and q?
105
Suppose -4 = -3*q + 4*q, 0 = 2*b - q + 32. Let h(z) = -17*z - 215. Let y be h(b). Calculate the greatest common divisor of 143 and y.
13
Let f(l) = l**2 + 37*l - 73. Let i be f(-39). Let q(a) = 2*a**2 + 3*a. Let z be q(i). What is the greatest common factor of 715 and z?
65
Suppose -12*d = -15*d + 198 + 258. What is the highest common divisor of d and 4864?
152
Let y = -15 + 19. Suppose y*s - 22 - 686 = 0. Calculate the highest common factor of s and 118.
59
Suppose -50*j + 37*j - 120*j = -493696. What is the greatest common factor of 832 and j?
64
Suppose -x + 18 = 5*v, 2*x - 36 = 13*v - 17*v. Let b be (x/15 + -2)*1250/(-20). Calculate the highest common factor of b and 110.
10
Let a(k) = 67*k**2 + 2*k + 1. Let d be a(-1). Let j(g) = g**2 - 6*g + 27. Let i be j(5). Calculate the greatest common factor of d and i.
22
Let z(t) = -t**2 + 32*t - 84. Let v be z(10). Calculate the greatest common divisor of v and 192.
8
Suppose 4*c - 2016 = -3*m, 4*c - c = -18. What is the greatest common divisor of m and 119?
17
Let b be (-26)/((117/(-36) + 3)/(34/8)). Calculate the greatest common factor of b and 338.
26
Let r be (-5)/((-125)/3798) - 14/(-175). Suppose -2*m + r = 4*g, -g = 4*g - 20. Let q = 3 + 14. Calculate the greatest common divisor of q and m.
17
Suppose 107 = 4*k - 5*p, -1 - 8 = 3*p. Suppose -u = 3*y - k, y - 14 = -u + 11. Calculate the greatest common divisor of 130 and u.
26
Let p be (-150 - -141) + 516/((-18)/(-3)). Let b = 56 + -12. Calculate the greatest common divisor of p and b.
11
Suppose 0 = -0*f + 2*f - 120. Suppose j = 0, -5*a + 249 = 3*j + 9. Calculate the greatest common factor of f and a.
12
Let f = -10907 - -11026. What is the greatest common divisor of f and 203?
7
Suppose 17*f - 2*f = 0. Suppose -296*m + 293*m + 147 = f. Calculate the highest common divisor of m and 28.
7
Suppose -5*j - 9 = -2*z - 27, 3*j + 2*z - 14 = 0. Let i be 59/5 - (12/(-15))/j. Calculate the greatest common divisor of 66 and i.
6
Let b be 65*(-1*2 - -3). Let l(u) = 117*u**3 - 3*u**2 + 11*u - 8. Let s be l(1). Calculate the greatest common factor of s and b.
13
Let h be (4 - 1)/((1/338)/((-21)/(-42))). What is the highest common divisor of 65 and h?
13
Let h(c) = c**3 - 4*c**2 + 3*c - 4. Let d be h(4). Suppose 84*r + 3600 = 8304. Calculate the highest common divisor of d and r.
8
Let j(o) = 11*o**2 + 2*o + 167. Let i be j(0). Calculate the greatest common factor of i and 2.
1
Suppose 3*x + 631 = -2*y - 7, 5*y = 25. Let s = x - -573. What is the highest common factor of s and 42?
21
Let y be (-2 - (-98)/2) + 8 + -11. Let t be (9 + -3)/(-2) + 8. Suppose -t*a - 7 = -117. What is the highest common divisor of y and a?
22
Let b be (6/2 + 20/(-5))*26. Let w = b - -35. What is the